ppose a + q = -4*q + 24, 40 = 5*a + 5*q. Suppose a*s - 15 - 21 = 0. Suppose j = s + 2. Is j a composite number?
False
Let d = -2220 + 1298. Let v = -335 - d. Is v prime?
True
Let x(n) = -n + 6. Let m be x(-5). Let w = -7 + m. Suppose -w*u = -5*p - 268, 27 = u + 4*p - 40. Is u a prime number?
True
Let c(w) = -4*w - 15. Is c(-7) a composite number?
False
Suppose 20 = 5*y - 0*y. Suppose -148 = -y*s - v, 5*v + 111 = 3*s - 0*s. Is s composite?
False
Let l(d) = 4*d + 1. Suppose 3*u - 6*u + 15 = 0. Is l(u) composite?
True
Suppose 4*m - 3*r - 129 = 2*r, -89 = -3*m - 4*r. Is m composite?
False
Let n(a) = a**3 + 11*a**2 + 11*a + 13. Let i be n(-10). Is (-9)/(i/1) + 22 a prime number?
True
Suppose 0*q - 4*o = -q - 6, 54 = 5*q + o. Let p = q + 11. Is p prime?
False
Let x = -1389 + 2450. Is x a prime number?
True
Let g(p) = p**3 + 14*p**2 - 4*p - 16. Let k(d) = -12*d - 1. Let h be k(1). Is g(h) prime?
False
Let p = 961 + -668. Is p a composite number?
False
Let t(v) = 2*v**3 - 6*v**2 + v - 2. Suppose -u = u + 3*x - 23, 4*x = -5*u + 47. Let p = u - 3. Is t(p) a prime number?
False
Let f(x) = x**3 + x**2 - 9*x + 17. Is f(8) composite?
False
Is 452/(-3)*39/(-26) composite?
True
Let g = 2 + 1. Let z(d) = -d**2 + 5*d - 1. Let c be z(g). Suppose -2*h - c*a = -3*a - 190, 0 = -5*h - 4*a + 475. Is h prime?
False
Suppose 5*i - 1435 = -0*i. Let h = i + -84. Is h prime?
False
Suppose y = o + 16, -3*o = -2*y + y + 6. Suppose -y = -5*v + 19. Is (-150)/(-4)*v/12 a composite number?
True
Let u = -36 - -17. Let h = u + 54. Is h composite?
True
Let u be 2*-82*(-2)/4. Suppose -2*a + u = 20. Is a composite?
False
Let t = 1484 - 427. Is t a prime number?
False
Suppose -5*p = -a - 3*a - 23, 5*a = p - 13. Let h(w) be the second derivative of -w**3/2 + w**2/2 + w. Is h(a) prime?
True
Let q = -42 + 95. Is q a composite number?
False
Let y be 14/(-4)*-2 - 1. Suppose -q = -y*q + 485. Is q a composite number?
False
Let u = 14541 - 6188. Is u composite?
False
Suppose -4*i + 5*t + 430 = -365, -2*i = t - 387. Suppose -i = -k + d - 3*d, -3*k = -4*d - 535. Is k a composite number?
True
Suppose 2*y - 2*g - 196 - 80 = 0, 3*g = 2*y - 275. Is y a prime number?
True
Suppose -4*d - 52 = h - 413, 5*h = -4*d + 1869. Is h a prime number?
False
Let l be (12/(-8))/((-2)/(-8)). Let h be -3 + 1 - (0 + l). Suppose -h*g + 251 = 63. Is g prime?
True
Suppose -1403 - 535 = -6*p. Is p a composite number?
True
Is 6/4 - 4/(-8) a prime number?
True
Suppose p + 4 = 3*i - 11, 0 = -2*i + 5*p - 3. Is i prime?
False
Suppose -5*g + 0*v - 3*v + 12 = 0, 3*v = 3*g + 12. Let u = 2 - g. Is 1*2/(u/67) a composite number?
False
Is 10/5*71/2 a prime number?
True
Is 3 - ((-2124)/14 + 2/(-7)) a prime number?
False
Is 26/(-10) - 8/20 - -2218 prime?
False
Let b = -40 - -393. Is b a composite number?
False
Let s(g) = g + 8. Let z be s(-7). Suppose -4*b - 3 = z. Is ((-9)/18)/(b/382) a composite number?
False
Let w(p) = -7*p**2 - 6*p - 9. Let i(f) = -15*f**2 - 13*f - 19. Let j(v) = 6*i(v) - 13*w(v). Let m be j(0). Suppose m*r = -r + 84. Is r prime?
False
Is (18/4 + -4)/(1/838) a prime number?
True
Suppose 0 = 2*u - 10, 4*s + u = 2*s - 127. Is (-1 + s)*(-1 + 0) a composite number?
False
Let l = -1058 - -1520. Suppose 0 = -8*g + 2*g + l. Is g a composite number?
True
Suppose 980 = 4*i - 1784. Is i composite?
False
Suppose 3*d - d - 422 = 0. Is d a composite number?
False
Is -3*(1/4 + (-1959)/12) a composite number?
True
Let j(h) be the second derivative of 13*h**4/2 - h**2/2 + 2*h. Is j(1) composite?
True
Suppose 503 + 192 = 5*q. Is q a prime number?
True
Suppose -2*h - 1527 = -3*g, 4*g - 2029 = 5*h - 0*h. Is g composite?
True
Let k(p) = p**2 + 5*p - 5. Let i be k(-6). Let t be 2 - -1*70/i. Suppose 21 + t = 3*g. Is g composite?
False
Let w(c) = -c**3 + 5*c**2 - 5*c + 3. Let a be (-3 - -1)/(-1) - -1. Is w(a) a prime number?
False
Let x(t) = -t**3 + 4*t**2 - 3*t + 1. Let w be x(2). Suppose -w*h + 637 = -2*y, 3*h + h - 3*y = 849. Suppose -3*n = -h - 60. Is n prime?
False
Suppose -27*g = -23*g - 12. Let s = 6 + -2. Suppose -s*z - 3*b = -3*z - 130, -g*z - b = -382. Is z prime?
True
Let r be (-134)/(-6) - 3/9. Suppose r = -n - 97. Is (1 + -2)*(4 + n) composite?
True
Let a(b) = -7*b - 3. Let s be a(-7). Suppose -28 = -2*y + z + s, 4*y - 3*z - 148 = 0. Is y a composite number?
False
Let z(t) = t + 371. Is z(0) a composite number?
True
Is 297 + 7/((-7)/(-4)) a composite number?
True
Let z(b) = b**2 - 3*b + 1. Let g be z(6). Suppose 54 = 3*i - 3*w + 15, i + 5*w = g. Is i a composite number?
True
Let t be 0 + 1 + 288/(-2). Let l = t - -232. Is l a composite number?
False
Let c(h) = 13*h**2 + h**3 + 6*h - 5*h**2 + 0*h**3 - 6. Let d be c(-7). Is (-1)/d*(1 - 8) prime?
True
Suppose 4*z + b = z + 2310, z - 766 = b. Is z prime?
True
Suppose -6*g = -g - 15. Suppose 0 = g*l - 0*l - 633. Is l a composite number?
False
Let i(v) = -33*v**3 + 7*v + 1. Is i(-3) composite?
True
Let t be (1 + -2)*(-20)/4. Suppose -2*o - 8 - 3 = -5*c, -2*o + 3*c = t. Suppose v = o*v + 5, 2*v - 180 = -2*l. Is l prime?
False
Suppose 3*y = 4*y + 5*f + 4, -f = 3. Let a be -1 - (y + (-1 - -1)). Is (a/(-2))/(0 - -1) composite?
True
Let j = 31 + -34. Suppose -5*v + 20 = 0, 6*r - v = 2*r - 1756. Is r/(-9) - 1/j a composite number?
True
Let d(j) = 3*j**2 + 10*j + 2. Let w be d(-11). Suppose 6*n = n + w. Is n a prime number?
False
Let s(x) be the second derivative of -x**5/20 - x**4/12 - x**3/6 + 19*x**2/2 + 2*x. Is s(0) composite?
False
Let x(t) = -14*t - 6. Let m be x(-4). Let u(i) = 8*i + 5. Let o be u(-4). Let l = m + o. Is l a composite number?
False
Let t be (-2)/8*-2*-2414. Let k = t - -681. Is 4/10 + k/(-10) a prime number?
True
Suppose -12*p - 3385 = -17*p. Is p a prime number?
True
Suppose 25 = 4*n + n. Let f be 19/n - 3/(-15). Suppose -4*q + q - t = -37, f*q - 41 = -3*t. Is q prime?
False
Suppose -5*n = 2*g - 6033, 5184 = 2*g + 2*n - 852. Suppose 5*d - g = 676. Is d composite?
False
Let g = 3658 + -2204. Is g a composite number?
True
Let w(u) = -36*u**3 + u**2 + 2*u + 3. Let n be w(-3). Let v = n + -469. Is v composite?
False
Let l be (-4)/22 + (-72)/(-33). Suppose -95 + 374 = 5*g - l*k, -3*k + 104 = 2*g. Is g prime?
False
Suppose -5*d = r + 154, -162 = -3*r + 4*r + 3*d. Let i = -446 - -709. Let z = i + r. Is z composite?
False
Suppose -3*t + 91 + 86 = 0. Is t a prime number?
True
Let i = 473 + -282. Is i a prime number?
True
Suppose 5 = 3*n - 4. Suppose -q = -n*q + 20. Suppose d = 2*d - q. Is d a prime number?
False
Let q(v) = v**2 + 4*v - 2. Is q(3) composite?
False
Is (-37)/2*(0 + -36 + -2) prime?
False
Let f = -3 + 7. Suppose 769 + 7 = f*o. Is o a composite number?
True
Let g(t) = -t**3 + 2*t**2 + 4*t - 3. Let h be g(2). Let m(a) = -a**2 + 6*a + 2. Is m(h) a composite number?
False
Let l(c) = c - 6. Let j be l(16). Is j/30 - (-568)/6 a prime number?
False
Let s be 32/14 + 4/(-14). Suppose 75 = g + 2*g + 3*a, 40 = g - 4*a. Is 3 + s*g - 1 prime?
False
Let k be (2/6)/(1/63). Suppose 0*o - 3*o - k = 0. Is o - -10 - 14/(-2) prime?
False
Let h be (0/(2 + -1))/1. Suppose 3*j + 0*j - 105 = h. Is j a prime number?
False
Suppose 3 = -n + 5. Let g be -222*(n + 5/(-2)). Suppose -o + g = 2*k, -2*k + 2*o + 20 + 88 = 0. Is k a prime number?
False
Suppose 0 = 5*m - 5*a - 25, -3*m - 4*a + 43 = 2*m. Is 130*m + (6 - 9) a prime number?
True
Suppose 0 = -0*f + 2*f - 572. Let s = 87 - f. Let o = -106 - s. Is o a prime number?
False
Let s(c) be the first derivative of -5*c - 5/2*c**2 - 3. Is s(-4) a composite number?
True
Let b be 1/((-1)/(-91)*-1). Let t = -12 - b. Is t a prime number?
True
Let b(c) = c**3 - 5*c**2 + c + 5. Let d be b(4). Let w = -2 - d. Suppose -i - 208 = -4*m - w*i, -270 = -5*m + 5*i. Is m a prime number?
True
Suppose -763 = -5*h - 2*a, 3*h - 229 = -a + 229. Let u = 220 - h. Is u a composite number?
False
Let z(p) = p**3 - 6*p**2 - 7*p + 5. Is z(8) a prime number?
False
Let f = 488 - 322. Suppose 5*j = -0*j + 5*c, 0 = 2*j + 2*c - 8. Suppose -m - j*s = -79, -m - 2*s = m - f. Is m prime?
False
Suppose -2*c = h + 3*h - 318, h - 5*c = 74. Is h a prime number?
True
Let z(y) = y**2 - 5*y - 8. Let h be z(6). Let n = 1 + h. Is (2 - 1)/(n/(-6)) a prime number?
False
Let x = 2768 + -1813. Is x a composite number?
True
Is ((-20)/(-5))/((-8)/(-2))*317 a composite number?
False
Let